 base 10, what is 60 + 15?
75
In base 4, what is 13012 - 20?
12332
In base 9, what is -104 + 5?
-88
In base 3, what is -112020021 + -12?
-112020110
In base 13, what is 26 + b7?
110
In base 14, what is -1d8 - 6?
-200
In base 11, what is -3 - -50?
48
In base 14, what is -b + 2?
-9
In base 3, what is 112222121 - -2?
112222200
In base 4, what is 2 - -10022?
10030
In base 8, what is 414 + -3?
411
In base 12, what is 0 - -68?
68
In base 11, what is -1091 - -4?
-1088
In base 12, what is -5 + -1600?
-1605
In base 8, what is -2 + -16253?
-16255
In base 3, what is 10002 + -111?
2121
In base 15, what is -6b + -3?
-6e
In base 8, what is 2 - -217?
221
In base 4, what is -10 - 3230?
-3300
In base 11, what is 3 + -151?
-149
In base 3, what is -10 - 1100?
-1110
In base 9, what is -26 + -228?
-255
In base 5, what is 11 + 12211?
12222
In base 11, what is -2 + 124?
122
In base 15, what is -3 + -6?
-9
In base 5, what is -1 + -103?
-104
In base 8, what is 16 + -454?
-436
In base 3, what is -11122 + -2?
-11201
In base 11, what is -64 - -5?
-5a
In base 6, what is -30 - -20?
-10
In base 14, what is -79 - -3?
-76
In base 13, what is 78 + -3?
75
In base 2, what is 110111 + -10?
110101
In base 5, what is 3 - -32?
40
In base 16, what is 1d7 + -d?
1ca
In base 16, what is -4 + 19?
15
In base 8, what is -1432 + 14?
-1416
In base 10, what is -222 + 0?
-222
In base 11, what is -3 - 91?
-94
In base 13, what is 0 + 4ba?
4ba
In base 2, what is -101001100001100 + -101?
-101001100010001
In base 16, what is -1f + -4?
-23
In base 13, what is -a3 + 80?
-23
In base 8, what is 2 - -225?
227
In base 9, what is 1 - -1?
2
In base 9, what is -26 + 25?
-1
In base 12, what is -1797 + 2?
-1795
In base 8, what is -5 - -164?
157
In base 6, what is -3153 - 5?
-3202
In base 13, what is -9 + -158?
-164
In base 3, what is 2210 + -2?
2201
In base 6, what is -13255 - -2?
-13253
In base 12, what is -193 + 4?
-18b
In base 6, what is -2411 + 2?
-2405
In base 11, what is 54 + 2?
56
In base 10, what is 1132 - -1?
1133
In base 8, what is -2245 - 3?
-2250
In base 16, what is -1 - -1a8?
1a7
In base 12, what is 662 + -2?
660
In base 8, what is -27515 - 5?
-27522
In base 6, what is -3 + -1435?
-1442
In base 6, what is 12 - -3?
15
In base 13, what is 28a - 2?
288
In base 9, what is -3302 - -4?
-3287
In base 7, what is 4 + -143?
-136
In base 13, what is -6 + 83?
7a
In base 15, what is -2d3 + -c?
-2e0
In base 16, what is be + 5?
c3
In base 7, what is 2 - -136?
141
In base 14, what is -1 - -3a?
39
In base 13, what is 1 + 196?
197
In base 5, what is 4131 - -2?
4133
In base 9, what is -14 - 23?
-37
In base 8, what is 3 - 3557?
-3554
In base 12, what is -582 - 3?
-585
In base 8, what is 474 + 0?
474
In base 8, what is -116 + 0?
-116
In base 15, what is 3 - -7a?
7d
In base 12, what is 34b - 1?
34a
In base 5, what is 332 - -40?
422
In base 9, what is -3 + -3640?
-3643
In base 14, what is 5 + -20?
-19
In base 4, what is 2 - -113012?
113020
In base 10, what is 10 + 139?
149
In base 4, what is -11 + 12331?
12320
In base 13, what is 226 + 4?
22a
In base 13, what is -4a - -11a?
a0
In base 9, what is -647 - 0?
-647
In base 10, what is -3 + -18?
-21
In base 7, what is 15 + -166?
-151
In base 4, what is -1 + -1221020?
-1221021
In base 7, what is 4 + -166?
-162
In base 15, what is d - 9e?
-91
In base 10, what is -789 + 47?
-742
In base 9, what is -3 - -28?
25
In base 14, what is 0 + -4?
-4
In base 4, what is 222 - -2220?
3102
In base 2, what is -10010 - -11?
-1111
In base 6, what is 3 - -1113?
1120
In base 12, what is -3 + 4?
1
In base 4, what is 3133 + 0?
3133
In base 16, what is 171 - 2?
16f
In base 15, what is 23 + -22?
1
In base 14, what is -d + -143?
-152
In base 12, what is 1 - 227?
-226
In base 5, what is -30 - 32?
-112
In base 12, what is 29 - 25?
4
In base 8, what is 11 - 46?
-35
In base 12, what is 1 - 54?
-53
In base 6, what is 2 + 4?
10
In base 16, what is -7 - 12f?
-136
In base 13, what is -4 - 63?
-67
In base 3, what is -102 - -1211?
1102
In base 7, what is -16 + -20?
-36
In base 3, what is 1122 - 100?
1022
In base 11, what is 2393 + 1?
2394
In base 16, what is d1 + -9?
c8
In base 9, what is 4 + -614?
-610
In base 4, what is 2 + 20010?
20012
In base 7, what is 336 - -5?
344
In base 12, what is 753 + -5?
74a
In base 6, what is -24 - -20?
-4
In base 2, what is -1100000010 - 10?
-1100000100
In base 15, what is -b + 0?
-b
In base 16, what is -6d8 - -5?
-6d3
In base 8, what is -2 - -53?
51
In base 13, what is 4 + 14?
18
In base 16, what is -3 - -1d?
1a
In base 12, what is 1 - 3b?
-3a
In base 12, what is -2 + -32?
-34
In base 5, what is -41 - -42?
1
In base 14, what is 79 + 1a?
95
In base 11, what is -5 - 80?
-85
In base 5, what is -4004 + 12?
-3442
In base 4, what is 12033 - -113?
12212
In base 5, what is -201 + -30?
-231
In base 5, what is 3 - -3012?
3020
In base 7, what is -2 - -1124?
1122
In base 3, what is -10 - 2101?
-2111
In base 12, what is -5 - 113?
-118
In base 15, what is 1 - -2a?
2b
In base 13, what is -1 - -49?
48
In base 10, what is -2245 + 2?
-2243
In base 11, what is 72 + -12?
60
In base 6, what is -5 - 244?
-253
In base 12, what is 20 - 12?
a
In base 3, what is -2102102 - 1?
-2102110
In base 13, what is 47 + -32?
15
In base 10, what is -882 - 1?
-883
In base 12, what is -5 - -310?
307
In base 9, what is -23 - 10?
-33
In base 16, what is 8 - 267?
-25f
In base 9, what is -2 + 35?
33
In base 7, what is -2 + -1645?
-1650
In base 12, what is -3 - 1a?
-21
In base 2, what is 110 + 110010?
111000
In base 3, what is 121 + -1212111?
-1211220
In base 5, what is -10131 - -4?
-10122
In base 16, what is -4 + -2ff?
-303
In base 14, what is -3 + -61b?
-620
In base 2, what is -1011 + -10101100100?
-10101101111
In base 2, what is 10010111 - 0?
10010111
In base 9, what is -1 - 27?
-28
In base 16, what is 2c7 - 1?
2c6
In base 6, what is 333 - -444?
1221
In base 2, what is 110 - 1?
101
In base 13, what is 10 - -226?
236
In base 15, what is -1 + 48?
47
In base 6, what is -32 - 113?
-145
In base 11, what is -7 + 8?
1
In base 12, what is -11 + -7?
-18
In base 3, what is -10 - -11110100?
11110020
In base 9, what is 5 + 30?
35
In base 8, what is -342 - -26?
-314
In base 14, what is -a342 + 3?
-a33d
In base 10, what is -5 - -74?
69
In base 8, what is 1 + -41?
-40
In base 7, what is -1144 + -23?
-1200
In base 9, what is -21576 + 2?
-21574
In base 3, what is -20010 + 10?
-20000
In base 12, what is 1169 - -1?
116a
In base 5, what is -2 - 104?
-111
In base 7, what is 1 - 164?
-163
In base 2, what is 111 + 10100000?
10100111
In base 13, what is -94 + -3?
-97
In base 5, what is 210221 + -10?
210211
In base 4, what is -2 - -32102?
32100
In base 9, what is 76 - -225?
312
In base 14, what is 5 + -b0c?
-b07
In base 4, what is 220132 + 0?
220132
In base 8, what is 1 - 21?
-20
In base 3, what is -12 + -1002?
-1021
In base 6, what is 1 + 112?
113
In base 4, what is -100 - 211?
-311
In base 13, what is -688 - -1a?
-66b
In base 9, what is -16 - 51?
-67
In base 13, what is -4 + -308?
-30c
In base 5, what is 4 - -2410?
2414
In base 4, what is 232 + 230?
1122
In base 16, what is 28 + 4?
2c
In base 11, what is -56 + a?
-47
In base 5, what is 32 + -320?
-233
In base 15, what is -5 + 7?
2
In base 13, what is 240 + 5?
245
In base 14, what is -357 - 4?
-35b
In base 16, what is a - 27?
-1d
In base 11, what is 5 - 44?
-3a
In base 11, what is -3 - 53?
-56
In base 13, what is 8a + -a?
80
In base 4, what is -12021 + -1?
-12022
In base 15, what is -dd + 8?
-d5
In base 4, what is -2 - 131?
-133
In base 14, what is 15 - 6?
d
In base 3, what is 201002 + 101?
201110
In base 13, what is -11 + b?
-3
In base 8, what is 5 - 46?
-41
In base 4, what is 20 + -300210?
-300130
In base 15, what is -4 + -c8?
-cc
In base 12, what is 7 - -29?
34
In base 12, what is 22 - -509?
52b
In base 4, what is 20 - -1013?
1033
In base 12, what is -27 + 9?
-1a
In base 12, what is 2 + 3255?
3257
In base 14, what is -81c + 4?
-818
In base 6, what is -4 + 14151?
14143
In base 2, what is -1001100 - 101?
-1010001
In base 7, what is -16616 - 1?
-16620
In base 9, what is 45 - 70?
-24
In base 13, what is -b53 + 0?
-b53
In base 8, what is -4 - 72?
-76
In base 11, what is -1 + -29?
-2a
In base 8, what is 2 + 6263?
6265
In base 13, what is -3 - 608?
-60b
In base 2, what is -1011 + -1?
-1100
In